{"id":17,"date":"2013-05-04T10:32:30","date_gmt":"2013-05-04T08:32:30","guid":{"rendered":"http:\/\/chab.fr\/demo\/?page_id=17"},"modified":"2020-09-11T16:02:34","modified_gmt":"2020-09-11T14:02:34","slug":"contact","status":"publish","type":"page","link":"https:\/\/chab.fr\/demo\/contact\/","title":{"rendered":"Contact"},"content":{"rendered":"<h2 style=\"text-align: justify;\">Page essentiel du site web, la page contact.<\/h2>\n<p>Appel\u00e9e \u00e9galement \u00ab\u00a0entonnoir\u00a0\u00bb c&rsquo;est \u00e0 cet endroit pr\u00e9cis que l&rsquo;on veut que le visiteur atterrisse : demande de devis ou d&rsquo;information, le but de votre site web (outre la vitrine qu&rsquo;il repr\u00e9sente), est de g\u00e9n\u00e9rer des futurs contacts et clients potentiels. Nous allons donc tout mettre en \u0153uvre pour que le visiteur finisse sur cette page \u00ab\u00a0contact\u00a0\u00bb !<\/p>\n<p>Pour les boutiques en ligne, cet entonnoir est le panier et la validation de commande.<\/p>\n<p><strong>Pour un site web c&rsquo;est cette page contact l&rsquo;ultime but : \u00e0 vous ensuite de contacter l&rsquo;internaute afin de satisfaire sa demande\u2026<\/strong><\/p>\n<p><img loading=\"lazy\" decoding=\"async\" class=\"alignleft size-full wp-image-89\" alt=\"CONTACT-FORMULAIRE\" src=\"http:\/\/chab.fr\/demo\/wp-content\/uploads\/2013\/05\/CONTACT-FORMULAIRE.jpg\" width=\"310\" height=\"387\" srcset=\"https:\/\/chab.fr\/demo\/wp-content\/uploads\/2013\/05\/CONTACT-FORMULAIRE.jpg 310w, https:\/\/chab.fr\/demo\/wp-content\/uploads\/2013\/05\/CONTACT-FORMULAIRE-240x300.jpg 240w\" sizes=\"auto, (max-width: 310px) 100vw, 310px\" \/><\/p>\n\n<div class=\"wpcf7 no-js\" id=\"wpcf7-f138-o1\" lang=\"\" dir=\"ltr\" data-wpcf7-id=\"138\">\n<div class=\"screen-reader-response\"><p role=\"status\" aria-live=\"polite\" aria-atomic=\"true\"><\/p> <ul><\/ul><\/div>\n<form action=\"\/demo\/wp-json\/wp\/v2\/pages\/17#wpcf7-f138-o1\" method=\"post\" class=\"wpcf7-form init\" aria-label=\"Formulaire de contact\" novalidate=\"novalidate\" data-status=\"init\">\n<div style=\"display: none;\">\n<input type=\"hidden\" name=\"_wpcf7\" value=\"138\" \/>\n<input type=\"hidden\" name=\"_wpcf7_version\" value=\"6.0.5\" \/>\n<input type=\"hidden\" name=\"_wpcf7_locale\" value=\"\" \/>\n<input type=\"hidden\" name=\"_wpcf7_unit_tag\" value=\"wpcf7-f138-o1\" \/>\n<input type=\"hidden\" name=\"_wpcf7_container_post\" value=\"0\" \/>\n<input type=\"hidden\" name=\"_wpcf7_posted_data_hash\" value=\"\" \/>\n<\/div>\n<p>Votre nom (obligatoire)\n<\/p>\n<p><span class=\"wpcf7-form-control-wrap\" data-name=\"your-name\"><input size=\"40\" maxlength=\"400\" class=\"wpcf7-form-control wpcf7-text wpcf7-validates-as-required\" aria-required=\"true\" aria-invalid=\"false\" value=\"\" type=\"text\" name=\"your-name\" \/><\/span>\n<\/p>\n<p>Votre email (obligatoire)\n<\/p>\n<p><span class=\"wpcf7-form-control-wrap\" data-name=\"your-email\"><input size=\"40\" maxlength=\"400\" class=\"wpcf7-form-control wpcf7-email wpcf7-validates-as-required wpcf7-text wpcf7-validates-as-email\" aria-required=\"true\" aria-invalid=\"false\" value=\"\" type=\"email\" name=\"your-email\" \/><\/span>\n<\/p>\n<p>T\u00e9l\u00e9phone\n<\/p>\n<p><span class=\"wpcf7-form-control-wrap\" data-name=\"tel-153\"><input size=\"40\" maxlength=\"400\" class=\"wpcf7-form-control wpcf7-tel wpcf7-validates-as-required wpcf7-text wpcf7-validates-as-tel\" aria-required=\"true\" aria-invalid=\"false\" value=\"\" type=\"tel\" name=\"tel-153\" \/><\/span>\n<\/p>\n<p>Sujet\n<\/p>\n<p><span class=\"wpcf7-form-control-wrap\" data-name=\"your-subject\"><input size=\"40\" maxlength=\"400\" class=\"wpcf7-form-control wpcf7-text\" aria-invalid=\"false\" value=\"\" type=\"text\" name=\"your-subject\" \/><\/span>\n<\/p>\n<p>Votre message\n<\/p>\n<p><span class=\"wpcf7-form-control-wrap\" data-name=\"your-message\"><textarea cols=\"40\" rows=\"10\" maxlength=\"2000\" class=\"wpcf7-form-control wpcf7-textarea\" aria-invalid=\"false\" name=\"your-message\"><\/textarea><\/span>\n<\/p>\n<p><input class=\"wpcf7-form-control wpcf7-submit has-spinner\" type=\"submit\" value=\"Envoyer\" \/>\n<\/p><div class=\"wpcf7-response-output\" aria-hidden=\"true\"><\/div>\n<\/form>\n<\/div>\n\n<p style=\"text-align: justify;\">Comme pour les activit\u00e9s, cette page contact peut se d\u00e9cliner en sous rubrique(s) :<\/p>\n<p style=\"text-align: justify;\">&#8211; Avec un <strong>plan d&rsquo;acc\u00e8s<\/strong>, cr\u00e9ation et inscription dans google map, ou lien vers votre pr\u00e9sence dans les pages jaunes et son plan d&rsquo;acc\u00e8s + coordonn\u00e9es par exemple.<\/p>\n<p style=\"text-align: justify;\">&#8211; Le si\u00e8ge social, <strong>coordonn\u00e9es t\u00e9l\u00e9phonique, fax, adresse mail etc<\/strong>.<\/p>\n<p style=\"text-align: justify;\">&#8211; Id\u00e9alement, <strong>un formulaire de contact doit \u00eatre int\u00e9gr\u00e9 sur cette page<\/strong>, avec quelques champs obligatoire type <strong>nom<\/strong>, <strong>adresse mail,<\/strong> voir <strong>t\u00e9l\u00e9phone<\/strong> (si l&rsquo;internaute veut bien vous le laisser). Possibilit\u00e9 \u00e9galement de cr\u00e9er <strong>des cases \u00e0 cocher pour d\u00e9grossir les demandes<\/strong>.<\/p>\n<p style=\"text-align: justify;\">&#8211; Dans le cas o\u00f9 vous disposez de <strong>plusieurs points\u00a0de vente, magasins\u00a0ou agences<\/strong>, ou\u00a0encore <strong>plusieurs interlocuteurs par secteur<\/strong> r\u00e9gional ou local,\u00a0nous pouvons ainsi <strong>cr\u00e9er une page par entit\u00e9.<\/strong><\/p>\n<p style=\"text-align: justify;\">On peut installer un mini formulaire sur chaque page pour inciter le visiteur \u00e0 vous contacter sur un sujet pr\u00e9cis (celui de la page consult\u00e9e), et int\u00e9grer un formulaire plus complet sur la page contact, avec des cases \u00e0 cocher, ou tout autre renseignement que vous jugez utile de r\u00e9colter.<\/p>\n<p style=\"text-align: justify;\">Selon les demandes de ce formulaire, une inscription \u00e0 la CNIL doit \u00eatre effectu\u00e9e pour\u00a0\u00eatre conforme \u00e0 la l\u00e9gislation en vigueur. Autre obligation, faire une notice l\u00e9gale pour votre site (pr\u00e9vue dans votre offre).<\/p>\n","protected":false},"excerpt":{"rendered":"<p>Page essentiel du site web, la page contact. Appel\u00e9e \u00e9galement \u00ab\u00a0entonnoir\u00a0\u00bb c&rsquo;est \u00e0 cet endroit pr\u00e9cis que l&rsquo;on veut que le visiteur atterrisse : demande de devis ou d&rsquo;information, le <a class=\"more-link\" href=\"https:\/\/chab.fr\/demo\/contact\/\">Continue Reading &rarr;<\/a><\/p>\n","protected":false},"author":2,"featured_media":0,"parent":0,"menu_order":4,"comment_status":"closed","ping_status":"closed","template":"","meta":{"footnotes":""},"class_list":["post-17","page","type-page","status-publish","hentry"],"_links":{"self":[{"href":"https:\/\/chab.fr\/demo\/wp-json\/wp\/v2\/pages\/17","targetHints":{"allow":["GET"]}}],"collection":[{"href":"https:\/\/chab.fr\/demo\/wp-json\/wp\/v2\/pages"}],"about":[{"href":"https:\/\/chab.fr\/demo\/wp-json\/wp\/v2\/types\/page"}],"author":[{"embeddable":true,"href":"https:\/\/chab.fr\/demo\/wp-json\/wp\/v2\/users\/2"}],"replies":[{"embeddable":true,"href":"https:\/\/chab.fr\/demo\/wp-json\/wp\/v2\/comments?post=17"}],"version-history":[{"count":27,"href":"https:\/\/chab.fr\/demo\/wp-json\/wp\/v2\/pages\/17\/revisions"}],"predecessor-version":[{"id":178,"href":"https:\/\/chab.fr\/demo\/wp-json\/wp\/v2\/pages\/17\/revisions\/178"}],"wp:attachment":[{"href":"https:\/\/chab.fr\/demo\/wp-json\/wp\/v2\/media?parent=17"}],"curies":[{"name":"wp","href":"https:\/\/api.w.org\/{rel}","templated":true}]}}